Let d = 26 + y. What is the greatest common factor of d and 152?
19
Suppose x - 4 + 2 = 0, 16 = 2*r - 4*x. Calculate the greatest common divisor of r and 6.
6
Suppose 5*s + 32 - 192 = 0. Let d be 3 + 0 + s/2. Calculate the highest common divisor of d and 133.
19
Let w(f) = -f**3 + 5*f**2 + 8*f - 1. Let d be w(6). Calculate the greatest common factor of d and 11.
11
Let l(o) = o**2 - 3*o + 1. Let h be l(3). Suppose -d + h = -8. Calculate the greatest common divisor of d and 3.
3
Suppose -5*y = -72 - 3. Calculate the highest common factor of 135 and y.
15
Suppose -3*o + 24 = -12. Let q be (8/o)/(1/30). Calculate the highest common factor of q and 10.
10
Suppose -5*p + 1187 = -3*k - 288, 0 = 3*p - 3*k - 891. Suppose -2*u + 4*d - p = -5*u, 0 = -4*u + d + 383. What is the highest common divisor of u and 16?
16
Let n be 4/14 - 477/(-21). Suppose 2*t + 16 + 2 = 0. Let w = n + t. What is the highest common factor of w and 14?
14
Suppose -2*q = o - 36, 0 = o + 2*q + q - 41. What is the greatest common factor of o and 39?
13
Suppose 0 = -5*n + 4*d + d + 310, 0 = 3*n - d - 188. Let o(r) = r**2 + 18*r + 42. Let w be o(-18). Calculate the highest common divisor of n and w.
21
Suppose -2*d - 25 = -7*d. Suppose -d*i + 4 = -2*q - 9, 3*q - 2*i + 3 = 0. Let g be (q + 1)*-1*-56. What is the greatest common divisor of 14 and g?
14
Suppose -4*t - 5*r = -5 - 37, 4*t - 34 = -r. What is the greatest common divisor of 32 and t?
8
Suppose -i - 3*s + 3 = -5, 2 = -s. Suppose 4*a + i = -22. Let m = a + 26. What is the greatest common divisor of m and 85?
17
Let i(b) = b**3 - 11*b**2 - 2*b + 16. Let z be i(11). Let r = z - -9. Calculate the greatest common factor of r and 27.
3
Let m be (-136)/(-22) - 6/33. Suppose 2*s - 4*i = -6, m*s - 2*i - 9 = s. Let r be (0/s)/(-2) + 14. What is the greatest common divisor of r and 154?
14
Let s be (-10)/(-6)*27*6/9. What is the greatest common factor of 18 and s?
6
Suppose 2*c + 6 = 0, 3*f - 2*c - 231 = -c. What is the highest common divisor of f and 19?
19
Suppose 3*q - 61 - 26 = 0. Suppose 4*u - q = -5. What is the highest common factor of 24 and u?
6
Let n be (-1 + 0)*171/(-9). Let g = n - 1. Calculate the greatest common factor of 36 and g.
18
Let l be (2 - 1 - 1)/(-1). Suppose 4*z = 8, -3*q + 5*z + 7 + 256 = l. What is the greatest common factor of q and 13?
13
Let f = 12 - 1. Calculate the greatest common divisor of 88 and f.
11
Suppose -3*m - 2*m + 45 = 0. Let u(p) = p**2 - 6*p - 10. Let g be u(7). Let t = 6 + g. What is the highest common divisor of t and m?
3
Let g = -40 + 76. Suppose 0*y - 2*y + g = 0. Let u = 8 + -6. What is the highest common factor of y and u?
2
Let p(c) be the first derivative of 2*c**3/3 - 3*c**2 + c + 3. Let u be p(4). Let j = 63 - 27. Calculate the highest common divisor of j and u.
9
Suppose 0*q = 4*q - 120. Suppose 4 = -u + 14. What is the highest common factor of u and q?
10
Suppose 2*w + 40 = -5*p, w = 5*p - 30 - 5. Let s = 65 - w. Calculate the greatest common factor of s and 10.
10
Let y be (-42)/(-9) - (-1)/3. Let v = -5 - -8. Suppose -20 = -y*x, -5*c + v*x = -x + 1. Calculate the greatest common factor of 3 and c.
3
Let j be (84/9)/((-3)/(-9)). Suppose 0 = -4*x - 0*x + j. Let c = x + -1. What is the highest common divisor of c and 6?
6
Suppose -5 = -3*i - 2, -4*k + 37 = -3*i. Let d be 2 - (3/(-3) - k). Suppose -c + 11 = -d. Calculate the greatest common divisor of c and 12.
12
Let s = 55 + -20. Let c = -4 - 5. Let g = 16 + c. Calculate the greatest common factor of s and g.
7
Let b = 0 + 4. Suppose -3*q - a = -39, -q - 2*a = b*q - 64. What is the highest common divisor of q and 154?
14
Let o(p) = -p + 8. Let k be o(5). Calculate the highest common factor of k and 3.
3
Let f = -103 - -123. What is the highest common factor of 20 and f?
20
Suppose 5*i - 293 - 97 = 0. Let x = i + -30. Calculate the highest common factor of x and 12.
12
Let f be (-17)/(-3) + 8/(-12). Suppose v + 9 = 4*m, 3*v - 8*v - 30 = -f*m. What is the greatest common factor of m and 1?
1
Let s(k) = 3*k**2 + k. Let b be s(-1). Let a be -1 + b + 2 + -402. Let d = -279 - a. What is the greatest common divisor of d and 15?
15
Suppose -r + 1 = 3. Suppose -3 = -f + 3. Let g be (f/1)/((-4)/r). What is the highest common factor of 1 and g?
1
Let c(u) = u**2 - 2*u - 5. Let j be c(-5). Suppose -44 - 4 = -4*q. Calculate the greatest common divisor of j and q.
6
Let w be 10/((-3)/(6/(-4))). Suppose 4*q - 31 - 68 = 5*g, -5 = -w*g. Calculate the greatest common divisor of 13 and q.
13
Let j(u) = u**3 - 9*u**2 + u + 6. Let z be j(9). Let x be 127/5 - 14/35. Let b = x - z. What is the greatest common factor of b and 15?
5
Suppose 2*v = -3*o - 4 - 1, -3*v - 4*o = 9. Let m be (10/v)/(1/(-7)). What is the highest common factor of m and 25?
5
Suppose 0 = 16*h - 3951 - 3329. What is the greatest common divisor of h and 65?
65
Let w be (1 - -5) + 3/(-3). Suppose -3*l + h + 119 = -3*h, 0 = -l - h + 49. What is the greatest common divisor of w and l?
5
Let y be (-3)/(-3) + (-46)/(-2). What is the greatest common factor of y and 192?
24
Let i = -101 - -51. Let q be (-8 - 1)/(15/i). Calculate the greatest common divisor of 120 and q.
30
Suppose -2*s + 2 = -2*n, -3*n - s - s = -12. Suppose n*q = 4*q + 3*v - 36, -q - v = -16. What is the highest common divisor of 24 and q?
12
Suppose v = -4*m + 163, -m - v = -3*m + 77. Suppose 14 + 1 = 3*c. Calculate the highest common factor of m and c.
5
Let w = 228 - 132. Let t = w - 26. Calculate the greatest common divisor of 28 and t.
14
Let y(h) = -3*h + 1. Let k be y(2). Let w = k + 21. Calculate the highest common divisor of 128 and w.
16
Suppose -12 = -8*m + 4*m. Let n be m/(-4*1/(-360)). What is the highest common divisor of 30 and n?
30
Let m(i) = 2*i**2 - 8*i + 20. Let g be m(8). Let v be (-2 - 116/(-2))/1. What is the highest common factor of g and v?
28
Let i be (-2)/(-6) + (-3045)/(-45). What is the greatest common divisor of 17 and i?
17
Let m(h) = -5*h - 12. Let w be m(-24). Let s be 14 + -3*1 + 1. Calculate the highest common factor of w and s.
12
Suppose -14*c - 352 = -16*c. What is the greatest common factor of 16 and c?
16
Let p = -5 + 5. Suppose 2*f + 5 - 19 = p. Let b be ((-2)/(-3))/((-4)/(-84)). What is the greatest common factor of f and b?
7
Suppose -x - 8 = -4*q + 3*q, -3*q = 4*x + 25. Let n = 18 + x. Calculate the greatest common divisor of 1 and n.
1
Let c(s) = -s**3 - s**2 - s. Let b be c(0). Let g = 11 + 25. Suppose n = 2*t + 19, -2*n + g = -b*t - 3*t. What is the highest common factor of n and 120?
15
Suppose 5*s = -2*p - 128 + 749, 4*s + 4*p - 504 = 0. What is the greatest common divisor of 82 and s?
41
Let k be (4 - 4) + 1 - -6. What is the highest common factor of 49 and k?
7
Let j(w) = 17*w**3 - 4. Suppose -2*v - 5 = -3*d, 9 = 2*v + v + d. Let s be j(v). Calculate the greatest common divisor of 12 and s.
12
Let p = 123 + -57. What is the highest common factor of 44 and p?
22
Let i be 2 - (280/(-45) - 4/(-18)). Suppose -3*w + 52 = 2*r - 30, -5*w + 130 = 2*r. Calculate the highest common divisor of w and i.
8
Let b = 5 + 3. What is the greatest common factor of b and 40?
8
Suppose k - 5*k + 20 = 0. Suppose 3*j = -k*m + 20, j - 6 = -3*m - 2. Calculate the highest common divisor of 2 and j.
2
Let i = -5 + 37. Suppose -5*n + 4*h = -3*n - i, -5*h = -n + 7. Calculate the highest common factor of 11 and n.
11
Suppose 0*k - 15 = -k. What is the greatest common divisor of 30 and k?
15
Let h(a) = -6*a - 11*a**2 + 0*a + 12*a**2 + 5. Let d be h(6). Let p be ((-30)/8)/((-2)/24). Calculate the greatest common divisor of d and p.
5
Suppose -101 = -2*w - 35. Let m = -6 + w. What is the highest common divisor of m and 3?
3
Let w = -1 - -13. What is the greatest common factor of 18 and w?
6
Let j(b) = b**2 + b + 3. Let v be j(0). Suppose 5*h = -0*h + 280. Suppose x + h = v*x. What is the greatest common factor of x and 7?
7
Suppose -2*k + 427 = -0*k - 3*s, 5*k - 1054 = 3*s. Calculate the highest common factor of k and 19.
19
Suppose 2*k - 3*h = 5 + 37, -5*k + 127 = -2*h. Suppose k - 192 = -5*f. Suppose f = -4*j + 89. What is the highest common factor of j and 21?
7
Suppose 49 = 2*k + 3*g, 3*k + 2*g = 3*g + 57. Calculate the highest common divisor of 50 and k.
10
Let j be 13*(-7)/((-7)/30). Suppose 